a be w(-1). List the prime factors of n(a).
937
Let x be ((-162)/21*-1)/((-3)/(-14)). Let m = 43 - x. What are the prime factors of (1 - 2)/(m/(-154))?
2, 11
Let c(t) = 6*t**2 - t - 2. Let d be c(-2). Suppose y + 9 - 60 = 0. Let n = y + d. List the prime factors of n.
3, 5
Let w(l) = -4 - 4*l**2 - 258*l + 305*l + 3*l**2. What are the prime factors of w(27)?
2, 67
Let b(h) = h**2 + 17*h - 22. Let a be b(-13). Let j = 76 + a. What are the prime factors of 2116/12 + -1 + j/(-6)?
5, 7
Let c = 5024 + -4516. Suppose 5*b = -0*b + 15. Suppose -f + 127 = b*k, -4*f - 3*k + c = -5*k. List the prime factors of f.
127
Suppose 5*v - 3*j = 25 + 7, 2*j - 37 = -5*v. Let u(d) = 32*d + 36. Let b be u(v). Suppose -y + o - 3*o = -137, -2*y + 3*o = -b. List the prime factors of y.
7, 19
Suppose 0 = 3*s - a - 293, -9*s + 5*s + 394 = -2*a. Suppose -100*c + s*c + 440 = 0. List the prime factors of c.
2, 5, 11
Let q = -21803 + 58841. List the prime factors of q.
2, 3, 6173
Suppose 0 = -2*s + 3*s - b - 4480, -3*b + 22392 = 5*s. Suppose -7*g + 596 = -s. Suppose l + g = 6*l. What are the prime factors of l?
5, 29
Let t(v) = -v**2 + 5*v + 16. Let k be t(6). Suppose -5*c + 60 = -k. Suppose 0 = 19*l - c*l - 565. What are the prime factors of l?
113
Let c be 3*(-1)/(-3)*2. Suppose -3*t + 0*h = 4*h - 1, -5*t + c*h = -19. What are the prime factors of (-3 - (t - 1 - 1)) + 189?
5, 37
Let n(b) = -83*b**3 + 2*b**2 + b. Suppose -2*z - 2*r - 40 = -6*r, z = -r - 23. Let k = -23 - z. List the prime factors of n(k).
2, 3, 7
Let v = 855 - 168. Suppose 0 = -12*r + 15*r - v. Let y = r - -46. What are the prime factors of y?
5, 11
List the prime factors of 87 + 7507 + (-24)/3.
2, 3793
Let v(y) = -y**3 + 19*y**2 - 13*y - 28. Let u(m) = m + 2. Let p(x) = -2*u(x) + v(x). List the prime factors of p(17).
3, 97
Let i(o) = o**2 - 86*o + 425. List the prime factors of i(-74).
5, 11, 223
Suppose 9081*x - 9057*x - 226656 = 0. List the prime factors of x.
2, 3, 787
Let o be 6 + -11 - 5*19. Suppose -480 = -0*w + 3*w. Let u = o - w. List the prime factors of u.
2, 3, 5
List the prime factors of (-1)/(-4) + (-36)/216 + (-138695)/(-12).
2, 5779
Let l = -12575 + 24353. List the prime factors of l.
2, 3, 13, 151
Suppose 7*m - 24 = -3. Suppose -m*l + 116 = -61. Suppose l*b = 58*b + 227. List the prime factors of b.
227
Let r = 216 - 106. Let a = r - 126. List the prime factors of (-6540)/80*a/6.
2, 109
Suppose z - 264 = -3*z. Let s be ((-4)/6)/(2/z). Let b = 83 + s. List the prime factors of b.
61
Let v = -5184 - -9595. Suppose 20*z = 3469 + v. List the prime factors of z.
2, 197
Let b = 64 - 68. Let v be ((-22)/b - 2)*(-11 - -13). Suppose -712 = -v*o - o. What are the prime factors of o?
89
Suppose -5*a - 3*h = -9058, -7903 = -3*a - 3*h - 2473. List the prime factors of a.
2, 907
Suppose -x = -2*p, 5*x - 2*p - 12 = x. Let u be (4 + (-2)/1)*4/x. Suppose n = u*m + 148, 5*n + 5*m - 670 = m. List the prime factors of n.
2, 3, 23
Let c = -182 - -184. Suppose -391 = -c*a + 2*d + 183, 5*a + 4*d = 1471. What are the prime factors of a?
3, 97
Suppose s - 3*c = 11440, -28*c + 26*c - 11440 = -s. List the prime factors of s.
2, 5, 11, 13
Suppose -13*z = -3*z - 530. Let o = -48 + z. Suppose o*g = 2*r - 96 + 571, -2*r + 10 = 0. What are the prime factors of g?
97
Suppose -845 = -18*z + 721. Let c = 178 - z. List the prime factors of c.
7, 13
Let w(s) = 4*s**2 - 14*s - 16. Let a be w(-1). Suppose a*g = -3*x + 1021, 5*g + 70*x = 73*x + 2500. List the prime factors of g.
503
Let r(z) = -1543*z + 710. What are the prime factors of r(-8)?
2, 61, 107
Let m be 141/(-24) + (-2)/16. Let n be ((-34)/m + -3)/(2/15). What are the prime factors of ((-235)/(n/4))/(-1)?
47
List the prime factors of (((-249964)/(-33))/19)/((-5)/(-60)).
2, 13, 23
Let r = -2611 - -5111. Suppose -r = -4*y + 1052. List the prime factors of y.
2, 3, 37
Suppose -6*n = -0*n + 6762. Let h be n/(-4 - (8/2 - 7)). Suppose -5*z + 3*s = -h, 1099 = 5*z - s + 5*s. What are the prime factors of z?
223
Let j(q) = 39*q**2 - 11*q + 83. Let p be j(9). Suppose 18*k = p + 1177. List the prime factors of k.
2, 3, 5
Let s(n) = -n**3 + 27*n**2 + 10*n - 85. Let v(x) = 2*x - 11. Let f be v(19). List the prime factors of s(f).
5, 37
Let h = 1033 - 1045. List the prime factors of (h + -2)*406/(-14).
2, 7, 29
Let p = 5950 + -5371. List the prime factors of p.
3, 193
Suppose 68702 + 97906 = 52*r. List the prime factors of r.
2, 3, 89
Suppose -4*h - 164 = 5*t, -4*t + 30 = 3*h + 162. Let o be 5*((t/20 - -2) + 0). What are the prime factors of 177 + o + 5/(-5)?
3, 59
What are the prime factors of 3 - ((-24)/10)/(21*(-10)/(-410550))?
3, 5, 313
Let o = -760 - -2067. Suppose -p - 4*p + o = 4*s, 4*p - 2*s = 1056. List the prime factors of p.
263
Suppose 3*o = -3*r + 39150 - 5580, -r + 11166 = -5*o. List the prime factors of r.
2, 7, 17, 47
Suppose 0*a = a + z - 2, 5*a + 2*z = 13. Suppose 811 = 4*n - a*p, -219 = -n + 2*p + 2*p. What are the prime factors of n?
199
Let y be (-164)/(-7) + (-8)/(-14). Suppose 0 = -y*k + 22*k + 600. What are the prime factors of k?
2, 3, 5
Let v(i) = -9*i + 11. Suppose 0 = -2*z - 26 + 52. Suppose 31 - z = -6*f. List the prime factors of v(f).
2, 19
Suppose -g = -j - 13, -5*j = 5*g - 0*j - 35. Suppose 0 = g*c - 345 - 645. What are the prime factors of c?
3, 11
Suppose -3*u + 4*n = 10, 4*u = u - 2*n - 4. Let s(y) be the first derivative of -30*y**2 + 238. List the prime factors of s(u).
2, 3, 5
What are the prime factors of 15 - 77/21*-4803?
2, 7, 1259
Let m(t) be the third derivative of t**6/120 + 2*t**5/15 + t**3 - 5*t**2. Let i be m(-8). Let d(h) = 18*h - 9. What are the prime factors of d(i)?
3, 11
Let f be (4/(-14) + (-468)/(-168))*-54. Let v = f + 345. What are the prime factors of v?
2, 3, 5, 7
Suppose 256508 = 53*l + 66821. List the prime factors of l.
3, 1193
Let w(g) = -3*g**3 - 21*g**2 - 8*g + 21. Suppose -2*b = -2*k + 4 + 4, 2*b + 2*k + 28 = 0. List the prime factors of w(b).
3, 193
Suppose 20 = -4*s + 4, g = 5*s + 17. Let w(p) = -126*p + 2. What are the prime factors of w(g)?
2, 5, 19
Let w = -113 + -48. Let d = -76 - w. What are the prime factors of d?
5, 17
Let k(p) = 18*p**2 - 2*p + 1. Let x be k(1). Let w = x + -11. Suppose w + 129 = 5*g. What are the prime factors of g?
3
Let a(i) = i**3 + 15*i**2 + 10*i - 9. Let y(d) = 3*d + 2. Let w be y(-5). What are the prime factors of a(w)?
199
List the prime factors of (105/(-14))/(5 - 50/8) + 3199.
5, 641
List the prime factors of ((-22)/24 - (-10)/15) + 33150/24.
1381
Suppose 44*u + 1993920 = 354*u. List the prime factors of u.
2, 3, 67
Let h = -1 + 65. Suppose 34*o - h = 30*o. List the prime factors of 29/((4/o)/(-1)*-4).
29
Suppose -28*h = -18*h + 60. Let y be (-487)/h - (-17)/(-102). Let k = -26 + y. What are the prime factors of k?
5, 11
Let p = -57 + 60. Suppose 3*x = -r + 1285, 2*x = -2*r - p*r + 861. What are the prime factors of x?
2, 107
Let q be -7 + (-5 + (4 - -6) - 5). List the prime factors of 394/q*308/(-88).
197
Let d(i) = i**2 - 5*i + 5. Let z be d(3). Let b be (-3 + 136/(-6))*3/z. Suppose -b = -l + 3*q - 4*q, -4*l + 318 = -q. What are the prime factors of l?
79
Let x be 4 + (-39)/9 + 8463/9. Suppose -14*k - x = -19*k. Suppose -4*n + 4*i + k = 0, -5*n + 244 = -5*i + 3*i. List the prime factors of n.
2, 5
Let i(o) = 3*o**2 + 8*o - 3. Let h be i(-6). Let w = h + -52. Suppose 2*l - 3*q = -2*l + 361, -l + 119 = w*q. What are the prime factors of l?
2, 47
Let l = -265 - -268. List the prime factors of (-3 - (-33)/22)*(-1528)/l.
2, 191
Let c = 2561 - 758. List the prime factors of c.
3, 601
Suppose -5*c - 16 = -y - 0*y, -3*y - 3*c - 24 = 0. Let f be -3*y/(-54) - (-48)/(-27). List the prime factors of (f/3)/(-3*2/801).
89
Let h = -25 - -37. Let c(u) = -10 - h*u**3 + 5*u**2 + 12*u + 20*u**3 - 9*u**3. What are the prime factors of c(6)?
2, 13
Let b be ((-297)/22)/(6/(-20)). Suppose -3*g - 5*u + 3*u = -1, 4*g = -3*u. Suppose 0 = s + 2*l - l - b, -l = g. List the prime factors of s.
2, 3
Let q(l) = -l**3 - 113*l**2 - 243*l - 1840. What are the prime factors of q(-113)?
11, 17, 137
Let q = 2300 + -2296. Let d(o) be the second derivative of 19*o**3/6 - 10*o**2 - o. List the prime factors of d(q).
2, 7
Let h(f) = 165*f**2 + f**3 - 149*f**2 - 4 - 11*f + 0*f**3. What are the prime factors of h(-15